 l?
32
Let y(j) be the first derivative of 5*j**3/3 - 3*j**2/2 + j + 13. What is the remainder when 6 is divided by y(1)?
0
What is the remainder when 115 is divided by (2/3)/((-33)/(67716/(-24)))?
1
Let t(l) = 78*l**2 - 18*l + 18. What is the remainder when 84 is divided by t(1)?
6
Suppose -2*u + 68 = 6*t - 4*t, u - 5*t - 64 = 0. Suppose k + 8 = u. What is the remainder when k is divided by 21/(-42)*(-34 - 0)?
14
Let f be (3 - -1) + 1/((-5)/70). Suppose -4*s + 5*g = -8*s + 99, 3*s - 4*g = 51. What is the remainder when s is divided by -14*5/f - -1?
5
Let a be ((-20)/8 - -3)*8 + -2. Suppose -2*r + 16 = -2*x, r = -r - a*x + 28. Suppose -4*w + 3*w = -3. What is the remainder when r is divided by w?
2
Suppose 3*d - 13 = -1. Calculate the remainder when 32 is divided by d/18 - 97/(-9).
10
Let p = -14 - -29. Let o be 12/p + 6/30. Calculate the remainder when 2 - ((-93)/3)/o is divided by 9.
6
Let g = -154 + 169. Suppose 2*o - 16 = o. Suppose -3*j + j = -o. What is the remainder when g is divided by j?
7
What is the remainder when 3 + (260/91)/((-6)/(-903)) is divided by 147?
139
Suppose 0 = -4*n + 6*n - 454. Calculate the remainder when n is divided by 57.
56
Suppose 0 = -2*v + 6 - 58. Let r = 73 + v. Calculate the remainder when r is divided by 7.
5
Let l(h) = -4*h**3 + 28*h**2 - 4*h + 4. What is the remainder when 908 is divided by l(2)?
72
Let k be (-24)/(-32) - (-1858)/8. Let m = k - 126. Calculate the remainder when m is divided by 27.
26
Let f(a) = -3*a**2 - 34*a - 33. What is the remainder when 50 is divided by f(-10)?
1
Let b = -9 + 25. Let s = 5 + -6. What is the remainder when -1 + 48 + 2*s is divided by b?
13
Let z = 1 + 16. What is the remainder when 66 is divided by z?
15
Suppose 2*p - 2 = -y, 0 = 4*y - p - 4*p - 34. Let b = y + 2. Calculate the remainder when b is divided by 6.
2
Suppose 6*i - 4*b - 110 = i, -4*b = 5*i - 70. What is the remainder when 1/((-1473)/369 + 4) is divided by i?
15
Suppose 24 = 4*j - 44. What is the remainder when 27 is divided by j?
10
Let a(m) = -2*m - 1. Let y be a(-3). Suppose y*h - 9 - 226 = 0. Suppose 5*i = h + 103. Calculate the remainder when i is divided by 8.
6
Suppose 3*z + 4*d - 49 = 1, 3*d = -3*z + 45. What is the remainder when ((-8)/z)/(5/(-275)) is divided by 16?
12
Let o = -5 + 3. Calculate the remainder when 42 is divided by o/(-4)*22 - -2.
3
Suppose 3*g = 15, -s = 3*g - 20 - 77. Let r(y) = 44*y - 551. Calculate the remainder when s is divided by r(13).
19
Suppose -5243 = -n - 5219. Let h be (-2322)/(-15) + (-1)/(-5). Suppose 5*l + h = 2*c, 0*c + 3*l = -2*c + 131. What is the remainder when c is divided by n?
22
Calculate the remainder when ((-6)/(-16) - 227137/(-744))*3 is divided by 23.
20
Let g(f) be the third derivative of -f**4/6 - f**3/3 - 7*f**2. Calculate the remainder when 17 is divided by g(-1).
1
Suppose -3*w + 4*m + 20 + 3 = 0, -2*w + 21 = 3*m. Let y = 12 - w. Suppose 2*q + 13 = y*q. Calculate the remainder when 36 is divided by q.
10
Calculate the remainder when 4*(-5 - (-114)/12) is divided by 7.
4
Let v(q) = 2*q - 6. Let t = -30 - -38. Calculate the remainder when (-2)/7 - (-121)/7 is divided by v(t).
7
Suppose -l - 8 = -5*m, 5*m - 3*l - 2*l = 0. Suppose -36 - 2 = -m*k. Calculate the remainder when 717/13 + 2/(-13) is divided by k.
17
Let m(o) = 6*o - 1. Let z be m(1). Suppose 149 - 783 = -5*l - 4*j, -150 = -l + z*j. Suppose l = 5*h + 40. What is the remainder when 34 is divided by h?
16
Suppose 5 - 13 = -4*c. Let v be ((-1)/c)/(9/144). What is the remainder when 29 is divided by 18/v*(-40)/6?
14
Suppose -159 = -5*p + 126. Suppose 3*i = p + 114. Calculate the remainder when i is divided by ((-30)/45)/((-1)/30).
17
Let z(o) = -o**3 - o**2 + 7*o - 1. Calculate the remainder when 45 is divided by z(-4).
7
Suppose -5*o + 168 = -o. Let n = o - 30. Calculate the remainder when 23 is divided by (-1)/(-4) + 93/n.
7
Calculate the remainder when 136 is divided by 201/(-2010) - 222/(-20).
4
Let f = 31 - 29. Suppose f*k + 0*r = -5*r + 71, r - 40 = -k. What is the remainder when k is divided by (-22)/8*(-3 + -1)?
10
Let r(a) = -a + 2. Let b be r(2). Suppose 4*t = -b*t + 4*p + 108, 0 = -2*t - p + 57. What is the remainder when 53 is divided by t?
25
Suppose -4*g = -2*g - 3*y - 446, -5*g + 1115 = 5*y. Let f = -111 + g. Let u = f - 73. Calculate the remainder when u is divided by 21.
18
Let p(j) = -j**2 - j + 34. What is the remainder when 69 is divided by p(4)?
13
Suppose 0*t = -4*t + 12, -17 = -5*m + t. Calculate the remainder when 44/(-77)*(-70)/m is divided by (-10)/(-2) - -1 - 0.
4
Suppose 30 = -4*p + 6*p. Calculate the remainder when (8/(-16))/(2/(-168)) is divided by p.
12
Suppose -4*o + 26 = -34. What is the remainder when 16 is divided by (33/o)/((-4)/(-20))?
5
Let s = 609 - 557. Calculate the remainder when 202 is divided by s.
46
Let p = -55 - -111. Suppose 0 = 3*k - 0*k - 3*a - 60, 2*k + 2*a = p. What is the remainder when k is divided by 13?
11
Suppose 2*y = p + 4*p + 72, 4*p + 68 = 2*y. Suppose 2*u - y - 60 = 0. Calculate the remainder when u is divided by 12.
7
Calculate the remainder when 117 is divided by -4 + -35*18/(-15).
3
Suppose -4*t - 36 = -16. Let c(j) = j**3 + 6*j**2 + 3*j - 7. Let m be c(t). Suppose a = m + 1. What is the remainder when 14 is divided by a?
2
Let m = 9 + -16. Let k = -9 - m. Let z = k + 19. Calculate the remainder when z is divided by 6.
5
Let h be 6/(-21) - (-5)/(105/6). Suppose -4*a - 5*t + 33 = 0, h = -2*a + 7*a - 3*t - 32. Calculate the remainder when 33 is divided by a.
5
Let u = 7 - 14. Let b = u + 11. Let y = b - -7. What is the remainder when 43 is divided by y?
10
Let m(x) = -x**2 - 13*x - 9. Let p be (-10)/(-2)*(10 + -8). Suppose 0 = 3*s + 37 - p. Calculate the remainder when m(s) is divided by 7.
6
Suppose 0 = -3*v + 6, -k - 2*v + 0*v + 13 = 0. Let x(q) = -17*q - 7. What is the remainder when x(-3) is divided by k?
8
Suppose r + 204 = -4*k, 4*k = -5*r + 5*k - 1125. Let m = 412 + r. Suppose m = 2*l - 0*l. Calculate the remainder when l is divided by 16.
14
Suppose -2*c - u + 4*u = -301, 0 = -3*u + 15. Let n = 111 + -101. What is the remainder when c is divided by n?
8
Let z be (0 - (-1)/1)/1. Let n(y) be the second derivative of 7*y**3/6 + y**2/2 - 20*y. What is the remainder when 22 is divided by n(z)?
6
Let d be 3/9 + (-1)/3. Let y = 388 - 386. Suppose y*t + d*t = 38. What is the remainder when 72 is divided by t?
15
Let j(w) = w**3 + 3*w**2 - 5*w - 4. Let c(b) = -7*b - 143. Calculate the remainder when j(-3) is divided by c(-21).
3
Suppose 3*q - 36 = -q. Suppose -3*a - 29 = -4*g, g - 5*g + 2*a = -26. Let m = g + q. Calculate the remainder when 41 is divided by m.
13
Let a(w) = -w**3 + 7*w**2 - 5*w + 1. Let m be a(6). Suppose 3*j - 55 = -m. What is the remainder when 56/2 - 3/(-1) is divided by j?
15
Suppose 0*n = -3*n + 48. Let c(p) = -p**3 - 5*p**2 - 11*p - 18. Let l be c(-5). Suppose 4*d - 87 = l. Calculate the remainder when d is divided by n.
15
Suppose -16 = -3*v - 7. Suppose -d + 7 = 1. Let x(s) = 3*s - 7. What is the remainder when x(d) is divided by v?
2
Let g = -52 - -79. What is the remainder when 126 is divided by g?
18
Let t = -98 + 90. Calculate the remainder when (-224)/(t + 4) + -1 is divided by 23.
9
Let s(x) = x**2 + 38*x - 1233. What is the remainder when 2*(1 + 54/4) is divided by s(21)?
5
Let a = -514 - -841. What is the remainder when a is divided by 84?
75
Let a = 2435 + -1284. Calculate the remainder when a is divided by 24.
23
Suppose 7968*d - 7980*d + 756 = 0. Suppose 0 = j + j - 44. What is the remainder when d is divided by j?
19
Let j(f) = -2*f - 66. Let t be j(-35). Suppose -37 = -5*o - 3*d - d, t*o = 3*d + 11. What is the remainder when o is divided by (-26)/(-8) + 1/(-4)?
2
Suppose 0 = q - 3*q + 8. Let s = -1 + 1. Suppose 2*j - 5 = r + 7, 2*r - q = s. Calculate the remainder when 20 is divided by j.
6
Let o = -61 - -66. Suppose -o*b + 9*b - 121 = -p, 3*p = 3*b + 363. Calculate the remainder when p is divided by 31.
28
Let v(j) = -169*j - 40. What is the remainder when v(-2) is divided by 60?
58
Let h(g) = 5*g**3 - 2*g**2 + 2*g. Calculate the remainder when h(2) is divided by ((-60)/(-2))/(234/156).
16
Suppose 135*k - 130*k = 45. What is the remainder when 17 is divided by k?
8
Let i be 15/(-25)*-5 - 1. 